20670.
4
What is the remainder when 5241440 is divided by 65517?
80
What is the remainder when 10713859 is divided by 4935?
4909
Calculate the remainder when 190164 is divided by 2858.
1536
What is the remainder when 1967985 is divided by 983991?
3
Calculate the remainder when 39579 is divided by 16866.
5847
What is the remainder when 74175410 is divided by 46?
42
What is the remainder when 20483210 is divided by 3505?
3495
What is the remainder when 1720192 is divided by 6057?
4
What is the remainder when 24256672 is divided by 285372?
52
Calculate the remainder when 1821952 is divided by 2099.
20
Calculate the remainder when 961118 is divided by 2636.
1614
Calculate the remainder when 7873797 is divided by 275.
272
What is the remainder when 304982 is divided by 29944?
5542
Calculate the remainder when 51554139 is divided by 18.
15
Calculate the remainder when 58649984 is divided by 281971.
16
What is the remainder when 11880016 is divided by 4979?
122
What is the remainder when 87897 is divided by 87689?
208
Calculate the remainder when 737204 is divided by 81903.
77
Calculate the remainder when 202653 is divided by 100887.
879
What is the remainder when 30075 is divided by 14972?
131
Calculate the remainder when 669998 is divided by 125.
123
Calculate the remainder when 1014785 is divided by 163.
110
Calculate the remainder when 41018 is divided by 2917.
180
Calculate the remainder when 1736 is divided by 452.
380
What is the remainder when 7542418 is divided by 359145?
373
What is the remainder when 213229 is divided by 100?
29
Calculate the remainder when 2156126 is divided by 7486.
158
What is the remainder when 85897959 is divided by 1426?
1423
Calculate the remainder when 6610160 is divided by 792.
128
What is the remainder when 227579 is divided by 12641?
41
Calculate the remainder when 120647 is divided by 2532.
1643
What is the remainder when 21472 is divided by 135?
7
Calculate the remainder when 2742613 is divided by 185.
173
What is the remainder when 1051106 is divided by 512?
482
What is the remainder when 1327029 is divided by 751?
12
What is the remainder when 1959498 is divided by 489800?
298
Calculate the remainder when 558338079 is divided by 1986.
1983
What is the remainder when 833145 is divided by 3144?
3129
What is the remainder when 66475354 is divided by 17?
16
What is the remainder when 55534 is divided by 1986?
1912
Calculate the remainder when 486279 is divided by 32.
7
What is the remainder when 115769 is divided by 27109?
7333
Calculate the remainder when 7930935 is divided by 44.
23
Calculate the remainder when 299196 is divided by 99730.
6
Calculate the remainder when 10292752 is divided by 2453.
2417
What is the remainder when 2371161 is divided by 1712?
41
What is the remainder when 2093471 is divided by 1046520?
431
Calculate the remainder when 576283 is divided by 2897.
2677
Calculate the remainder when 416428 is divided by 649.
419
Calculate the remainder when 16463262 is divided by 1496659.
13
Calculate the remainder when 21697026 is divided by 77.
43
What is the remainder when 29192 is divided by 29116?
76
What is the remainder when 791251 is divided by 313?
300
What is the remainder when 4992993 is divided by 46231?
45
What is the remainder when 733059 is divided by 29?
26
What is the remainder when 1278155134 is divided by 192?
190
What is the remainder when 589925 is divided by 263?
16
Calculate the remainder when 11584077 is divided by 360.
357
Calculate the remainder when 31569 is divided by 558.
321
What is the remainder when 4125310 is divided by 18?
16
Calculate the remainder when 1831512 is divided by 3502.
3468
Calculate the remainder when 16993 is divided by 772.
9
Calculate the remainder when 12014837 is divided by 8.
5
What is the remainder when 8580881 is divided by 28?
1
Calculate the remainder when 168886 is divided by 30.
16
What is the remainder when 1979369 is divided by 34?
25
What is the remainder when 1859 is divided by 1510?
349
Calculate the remainder when 28146879 is divided by 8.
7
What is the remainder when 17609204 is divided by 499?
492
Calculate the remainder when 569264 is divided by 3740.
784
What is the remainder when 279227 is divided by 1425?
1352
What is the remainder when 2151450 is divided by 51223?
84
What is the remainder when 255210 is divided by 3753?
6
Calculate the remainder when 2437020 is divided by 3820.
3680
What is the remainder when 26318 is divided by 6536?
174
Calculate the remainder when 2262122 is divided by 58003.
5
What is the remainder when 123523 is divided by 2646?
1807
What is the remainder when 44103372 is divided by 373757?
46
What is the remainder when 29810332 is divided by 4003?
3994
What is the remainder when 33353433 is divided by 961?
6
Calculate the remainder when 41653807 is divided by 634.
7
Calculate the remainder when 16142347 is divided by 850.
847
Calculate the remainder when 6748 is divided by 405.
268
What is the remainder when 485321 is divided by 8369?
8288
What is the remainder when 279807 is divided by 139855?
97
Calculate the remainder when 2838082 is divided by 2492.
2186
What is the remainder when 5186058 is divided by 288114?
6
What is the remainder when 11448208 is divided by 876?
640
Calculate the remainder when 107570 is divided by 26890.
10
Calculate the remainder when 865131 is divided by 510.
171
What is the remainder when 6622511 is divided by 16?
15
Calculate the remainder when 193089413 is divided by 13.
10
Calculate the remainder when 15457627 is divided by 363.
361
What is the remainder when 496906092 is divided by 239?
236
Calculate the remainder when 3508614 is divided by 250612.
46
Calculate the remainder when 5353556 is divided by 33.
32
What is the remainder when 5957840 is divided by 496485?
20
What is the remainder when 4231037 is divided by 923?
5
What is the remainder when 177988 is divided by 34?
32
Calculate the remainder when 582587 is divided by 116473.
222
What is the remainder when 403231 is divided by 2111?
30
What is the remainder when 6696811 is divided by 336?
331
What is the remainder when 148559 is divided by 1836?
1679
Calculate the remainder when 2480856 is divided by 77521.
184
What is the remainder when 160997 is divided by 5750?
5747
Calculate the remainder when 2147262 is divided by 715749.
15
What is the remainder when 1441992 is divided by 29?
25
Calculate the remainder when 613753 is divided by 250.
3
What is the remainder when 462924 is divided by 1105?
1034
What is the remainder when 88377 is divided by 6?
3
What is the remainder when 28005732 is divided by 1776?
1764
What is the remainder when 60053 is divided by 15012?
5
Calculate the remainder when 9864974 is divided by 59.
56
Calculate the remainder when 4190052 is divided by 113.
12
What is the remainder when 1884453 is divided by 66?
21
Calculate the remainder when 4816683 is divided by 2743.
2718
What is the remainder when 28573100 is divided by 15?
5
Calculate the remainder when 3354086 is divided by 1163.
1157
Calculate the remainder when 86720037 is divided by 18.
15
Calculate the remainder when 113492 is divided by 14025.
1292
What is the remainder when 259969 is divided by 64737?
1021
Calculate the remainder when 5005794 is divided by 9118.
12
Calculate the remainder when 1817726 is divided by 190.
186
What is the remainder when 6263327 is divided by 626319?
137
What is the remainder when 4996618 is divided by 2498219?
180
Calculate the remainder when 3953788 is divided by 1317890.
118
Calculate the remainder when 126424 is divided by 6329.
6173
What is the remainder when 2755438 is divided by 6192?
6190
What is the remainder when 1410010 is divided by 3176?
3042
What is the remainder when 11710 is divided by 11414?
296
What is the remainder when 42945 is divided by 5889?
1722
What is the remainder when 62660282 is divided by 51?
50
What is the remainder when 3982 is divided by 163?
70
What is the remainder when 336869 is divided by 112257?
98
Calculate the remainder when 331410 is divided by 41425.
10
Calculate the remainder when 117902 is divided by 292.
226
What is the remainder when 187679 is divided by 93807?
65
What is the remainder when 59695009 is divided by 1413?
1411
Calculate the remainder when 8438